{"id":6,"date":"2014-12-04T22:35:50","date_gmt":"2014-12-04T21:35:50","guid":{"rendered":"http:\/\/heidenstrom.no\/?page_id=6"},"modified":"2019-05-07T21:56:37","modified_gmt":"2019-05-07T20:56:37","slug":"om-oss","status":"publish","type":"page","link":"https:\/\/heidenstrom.no\/?page_id=6","title":{"rendered":"Om oss"},"content":{"rendered":"<div id=\"pl-6\"  class=\"panel-layout\" ><div id=\"pg-6-0\"  class=\"panel-grid panel-no-style\" ><div id=\"pgc-6-0-0\"  class=\"panel-grid-cell\" ><div id=\"panel-6-0-0-0\" class=\"so-panel widget widget_sow-editor panel-first-child panel-last-child\" data-index=\"0\" ><div\n\t\t\t\n\t\t\tclass=\"so-widget-sow-editor so-widget-sow-editor-base\"\n\t\t\t\n\t\t>\n<div class=\"siteorigin-widget-tinymce textwidget\">\n\t<p>No Problem l\u00e5ter meget profesjonelt og gjennomf\u00f8ringen er i en klasse for seg. Dette betyr gjennomarbeidet show og spennende coverl\u00e5ter som alle vil h\u00f8re. De fleste som har sett og h\u00f8rt No Problem, vil skrive under p\u00e5 at her oser det av sjarm og spilleglede. Her f\u00e5r du rutinerte og erfarne musikere som virkelig gir deg det som trengs for \u00e5 ha en god kveld. Det perfekte band til ethvert arrangement som kan variere over et vidt spekter.<\/p>\n<p>Er du i godt gammeldags festhum\u00f8r og sulten p\u00e5&nbsp; fest? Og \u00f8nsker \u00e5 svinge deg eller synge med p\u00e5 et utvalg av l\u00e5ter samlet gjennom 30(++) \u00e5r p\u00e5 veien? Vil du ha kvalitet, kreativitet og profesjonalitet er&nbsp;No Problem er det beste alternativet.<\/p>\n<\/div>\n<\/div><\/div><\/div><\/div><div id=\"pg-6-1\"  class=\"panel-grid panel-no-style\" ><div id=\"pgc-6-1-0\"  class=\"panel-grid-cell panel-grid-cell-empty\" ><\/div><\/div><div id=\"pg-6-2\"  class=\"panel-grid panel-no-style\" ><div id=\"pgc-6-2-0\"  class=\"panel-grid-cell\" ><div id=\"panel-6-2-0-0\" class=\"so-panel widget widget_media_image panel-first-child\" data-index=\"1\" ><img decoding=\"async\" width=\"128\" height=\"127\" src=\"https:\/\/heidenstrom.no\/wp-content\/uploads\/2014\/12\/No-ProblemAO2E2467-e1418857105323.jpg\" class=\"image wp-image-214  attachment-full size-full\" alt=\"\" style=\"max-width: 100%; height: auto;\" \/><\/div><div id=\"panel-6-2-0-1\" class=\"so-panel widget widget_media_image panel-last-child\" data-index=\"2\" ><img decoding=\"async\" width=\"132\" height=\"143\" src=\"https:\/\/heidenstrom.no\/wp-content\/uploads\/2014\/12\/No-ProblemAO2E2491-e1418857247260.jpg\" class=\"image wp-image-213  attachment-full size-full\" alt=\"\" style=\"max-width: 100%; height: auto;\" \/><\/div><\/div><div id=\"pgc-6-2-1\"  class=\"panel-grid-cell\" ><div id=\"panel-6-2-1-0\" class=\"so-panel widget widget_sow-editor panel-first-child\" data-index=\"3\" ><div\n\t\t\t\n\t\t\tclass=\"so-widget-sow-editor so-widget-sow-editor-base\"\n\t\t\t\n\t\t>\n<div class=\"siteorigin-widget-tinymce textwidget\">\n\t<div>Jan Heidenstr\u00f8m synger og spiller akustisk gitar og munnspill.<\/div>\n<div>Han er den f\u00f8dte entertainer og virkelig f\u00e5r publikum med seg.<\/div>\n<div>Han har en utrolig scenesjarm, med glimt i \u00f8yet. Det er han som<\/div>\n<div>har kontakt med kunder og er bookingansvarlig.<\/div>\n<\/div>\n<\/div><\/div><div id=\"panel-6-2-1-1\" class=\"so-panel widget widget_sow-editor panel-last-child\" data-index=\"4\" ><div\n\t\t\t\n\t\t\tclass=\"so-widget-sow-editor so-widget-sow-editor-base\"\n\t\t\t\n\t\t>\n<div class=\"siteorigin-widget-tinymce textwidget\">\n\t<div><\/div>\n<div><\/div>\n<div><\/div>\n<div>Sverre arrangerer alle l\u00e5tene som No Problem spiller.<\/div>\n<div>Sverre spiller gitar, bass og piano og programmerer<\/div>\n<div>og produserer alle backingtrackene vi\u00a0opptrer med.<\/div>\n<div>Et realt\u00a0multitalent.<\/div>\n<div><\/div>\n<\/div>\n<\/div><\/div><\/div><\/div><div id=\"pg-6-3\"  class=\"panel-grid panel-no-style\" ><div id=\"pgc-6-3-0\"  class=\"panel-grid-cell\" ><div id=\"panel-6-3-0-0\" class=\"so-panel widget widget_sow-editor panel-first-child\" data-index=\"5\" ><div\n\t\t\t\n\t\t\tclass=\"so-widget-sow-editor so-widget-sow-editor-base\"\n\t\t\t\n\t\t>\n<div class=\"siteorigin-widget-tinymce textwidget\">\n\t<p><iframe src=\"https:\/\/www.youtube.com\/embed\/gBxNYNWGsZ0\" width=\"560\" height=\"315\" frameborder=\"0\" allowfullscreen=\"allowfullscreen\"><\/iframe><\/p>\n<\/div>\n<\/div><\/div><div id=\"panel-6-3-0-1\" class=\"so-panel widget widget_sow-editor\" data-index=\"6\" ><div\n\t\t\t\n\t\t\tclass=\"so-widget-sow-editor so-widget-sow-editor-base\"\n\t\t\t\n\t\t>\n<div class=\"siteorigin-widget-tinymce textwidget\">\n\t<p><iframe src=\"https:\/\/www.youtube.com\/embed\/aTO3FTX16JI\" width=\"560\" height=\"315\" frameborder=\"0\" allowfullscreen=\"allowfullscreen\"><\/iframe><\/p>\n<\/div>\n<\/div><\/div><div id=\"panel-6-3-0-2\" class=\"so-panel widget widget_sow-editor\" data-index=\"7\" ><div\n\t\t\t\n\t\t\tclass=\"so-widget-sow-editor so-widget-sow-editor-base\"\n\t\t\t\n\t\t>\n<div class=\"siteorigin-widget-tinymce textwidget\">\n\t<p><iframe src=\"https:\/\/www.youtube.com\/embed\/ckgGJkSg9Xw\" width=\"560\" height=\"315\" frameborder=\"0\" allowfullscreen=\"allowfullscreen\"><\/iframe><\/p>\n<\/div>\n<\/div><\/div><div id=\"panel-6-3-0-3\" class=\"so-panel widget widget_sow-editor panel-last-child\" data-index=\"8\" ><div\n\t\t\t\n\t\t\tclass=\"so-widget-sow-editor so-widget-sow-editor-base\"\n\t\t\t\n\t\t>\n<div class=\"siteorigin-widget-tinymce textwidget\">\n\t<p><iframe src=\"https:\/\/www.youtube.com\/embed\/fHNTiYIOFjk\" width=\"560\" height=\"315\" frameborder=\"0\" allowfullscreen=\"allowfullscreen\"><\/iframe><\/p>\n<\/div>\n<\/div><\/div><\/div><\/div><div id=\"pg-6-4\"  class=\"panel-grid panel-no-style\" ><div id=\"pgc-6-4-0\"  class=\"panel-grid-cell panel-grid-cell-empty\" ><\/div><\/div><\/div>","protected":false},"excerpt":{"rendered":"<p>No Problem l\u00e5ter meget profesjonelt og gjennomf\u00f8ringen er i en klasse for seg. Dette betyr gjennomarbeidet show og spennende coverl\u00e5ter som alle vil h\u00f8re. De fleste som har sett og h\u00f8rt No Problem, vil skrive under p\u00e5 at her oser det av sjarm og spilleglede. Her f\u00e5r du rutinerte og erfarne musikere som virkelig gir [&hellip;]<\/p>\n","protected":false},"author":2,"featured_media":0,"parent":0,"menu_order":0,"comment_status":"closed","ping_status":"open","template":"","meta":{"footnotes":""},"class_list":["post-6","page","type-page","status-publish","hentry","post"],"_links":{"self":[{"href":"https:\/\/heidenstrom.no\/index.php?rest_route=\/wp\/v2\/pages\/6","targetHints":{"allow":["GET"]}}],"collection":[{"href":"https:\/\/heidenstrom.no\/index.php?rest_route=\/wp\/v2\/pages"}],"about":[{"href":"https:\/\/heidenstrom.no\/index.php?rest_route=\/wp\/v2\/types\/page"}],"author":[{"embeddable":true,"href":"https:\/\/heidenstrom.no\/index.php?rest_route=\/wp\/v2\/users\/2"}],"replies":[{"embeddable":true,"href":"https:\/\/heidenstrom.no\/index.php?rest_route=%2Fwp%2Fv2%2Fcomments&post=6"}],"version-history":[{"count":98,"href":"https:\/\/heidenstrom.no\/index.php?rest_route=\/wp\/v2\/pages\/6\/revisions"}],"predecessor-version":[{"id":479,"href":"https:\/\/heidenstrom.no\/index.php?rest_route=\/wp\/v2\/pages\/6\/revisions\/479"}],"wp:attachment":[{"href":"https:\/\/heidenstrom.no\/index.php?rest_route=%2Fwp%2Fv2%2Fmedia&parent=6"}],"curies":[{"name":"wp","href":"https:\/\/api.w.org\/{rel}","templated":true}]}}